ommon divisor of 5000 and 130540?
20
What is the highest common factor of 50494895 and 165?
55
Calculate the greatest common factor of 4370625 and 5670.
945
Calculate the greatest common factor of 3708 and 396198873.
927
Calculate the highest common factor of 363424 and 1342504.
328
What is the greatest common factor of 4899 and 48463251?
213
What is the highest common divisor of 9496429 and 137?
137
What is the greatest common factor of 4936730 and 2135?
305
What is the greatest common divisor of 6 and 1767744?
6
What is the greatest common divisor of 39188875 and 20728?
2591
Calculate the highest common factor of 2788 and 1124822.
34
What is the highest common factor of 654629984 and 96?
32
Calculate the greatest common factor of 1931 and 25603129.
1931
What is the greatest common divisor of 1900 and 15767644?
76
What is the greatest common factor of 10455 and 12665187?
2091
What is the greatest common factor of 425 and 763402?
17
What is the greatest common divisor of 84717975 and 22200?
2775
What is the greatest common factor of 5 and 10498745?
5
What is the greatest common divisor of 169 and 235677?
13
What is the greatest common factor of 55767 and 42108?
87
Calculate the greatest common factor of 2328174 and 21.
3
Calculate the greatest common factor of 514642172 and 176.
44
Calculate the highest common divisor of 24952 and 56856251.
3119
Calculate the greatest common divisor of 7 and 119044037.
7
Calculate the highest common divisor of 2405848 and 11837.
89
Calculate the highest common divisor of 484340956 and 2959.
2959
Calculate the highest common divisor of 918214 and 253.
11
What is the highest common factor of 58806 and 8?
2
What is the greatest common divisor of 4706850 and 2150?
50
What is the highest common factor of 139736652 and 264?
132
Calculate the greatest common divisor of 48960 and 11390.
170
Calculate the greatest common factor of 6048 and 24808.
56
What is the highest common divisor of 2058 and 103467?
21
Calculate the greatest common factor of 12889450 and 25.
25
What is the greatest common factor of 2487830454 and 18?
18
What is the greatest common divisor of 3290 and 6315295?
35
What is the greatest common divisor of 15 and 1615047?
3
Calculate the highest common divisor of 13635 and 496583973.
2727
What is the highest common factor of 4420112 and 2320?
16
What is the greatest common factor of 38068 and 169508?
124
Calculate the highest common divisor of 1683 and 97113231.
153
What is the highest common factor of 129604272 and 14970?
2994
Calculate the greatest common factor of 6524 and 7073647.
1631
Calculate the highest common factor of 3324 and 6358258.
554
Calculate the greatest common divisor of 162748 and 39468.
92
Calculate the greatest common factor of 733166 and 16.
2
What is the greatest common divisor of 30217308 and 13719?
807
Calculate the highest common divisor of 1727528 and 39848.
2344
What is the greatest common divisor of 34343478 and 1170?
234
Calculate the highest common factor of 1716 and 13046748.
1716
What is the highest common factor of 362 and 31548662?
362
Calculate the greatest common divisor of 46 and 2195189.
23
Calculate the highest common divisor of 1963049 and 610577.
517
What is the highest common factor of 25968080 and 26640?
2960
What is the greatest common divisor of 432 and 208373904?
432
What is the highest common factor of 30834 and 11601007?
571
Calculate the highest common divisor of 39012430 and 45590.
970
Calculate the greatest common factor of 396 and 1653564.
132
Calculate the highest common factor of 13 and 54182154.
13
Calculate the highest common factor of 47763827 and 10658.
5329
Calculate the greatest common factor of 9 and 962079.
3
What is the greatest common factor of 65 and 628043?
13
What is the highest common factor of 30 and 4370595?
15
What is the greatest common divisor of 72435 and 124905?
165
Calculate the greatest common divisor of 179 and 355368521.
179
Calculate the highest common factor of 514503 and 61083.
99
Calculate the greatest common divisor of 1187099 and 11247.
23
What is the greatest common divisor of 2142388 and 9060?
604
What is the greatest common factor of 115820151 and 61?
61
Calculate the greatest common divisor of 15 and 322570.
5
What is the greatest common divisor of 40 and 2213168?
8
Calculate the greatest common divisor of 94958621 and 2481.
827
What is the highest common factor of 4 and 1894127?
1
Calculate the highest common divisor of 14283 and 111267.
27
Calculate the greatest common divisor of 5567 and 708723636.
5567
What is the greatest common factor of 295 and 189370?
5
What is the greatest common factor of 216 and 6258027?
3
Calculate the greatest common factor of 15225 and 321349.
203
What is the highest common factor of 973 and 33658016?
973
Calculate the greatest common divisor of 1048960 and 910.
10
Calculate the highest common factor of 3277 and 6491737.
3277
Calculate the highest common factor of 28 and 1533644.
28
Calculate the greatest common factor of 36288 and 404208.
1008
Calculate the greatest common factor of 2264258 and 3634.
46
Calculate the highest common divisor of 972875 and 6335.
905
What is the greatest common divisor of 4503 and 20650587?
57
What is the greatest common factor of 30704 and 124129?
101
What is the greatest common factor of 15860736 and 216?
72
What is the greatest common factor of 13564440 and 615?
615
What is the highest common divisor of 20 and 1731856?
4
What is the greatest common divisor of 5299 and 723709?
7
Calculate the highest common factor of 9017 and 6603.
71
What is the highest common divisor of 9701 and 3536593?
89
Calculate the greatest common factor of 13991562 and 32832.
1026
Calculate the highest common factor of 150921232 and 220.
44
Calculate the greatest common divisor of 1158616314 and 684.
342
What is the greatest common factor of 3423806 and 18299?
631
What is the greatest common divisor of 2604844 and 798710?
1166
What is the highest common divisor of 443134000 and 2000?
2000
Calculate the greatest common divisor of 109 and 171055008.
109
What is the highest common divisor of 68 and 1055644614?
34
Calculate the greatest common factor of 2245990362 and 1419.
1419
What is the greatest common factor of 2299760 and 130?
10
Calculate the highest common factor of 28480 and 932.
4
Calculate the greatest common factor of 9254 and 147161074.
1322
What is the greatest common divisor of 40429832 and 112?
8
Calculate the highest common factor of 34 and 42571162.
34
Calculate the highest common divisor of 830025 and 146965.
595
Calculate the greatest common divisor of 582 and 53363580.
582
What is the highest common factor of 377997 and 3?
3
Calculate the greatest common factor of 110032616 and 8.
8
Calculate the greatest common factor of 525 and 427886865.
105
What is the highest common divisor of 122040 and 2102930?
1130
Calculate the highest common divisor of 5601735 and 369905.
2215
What is the greatest common divisor of 24616396 and 3367?
259
What is the greatest common factor of 297369 and 141282?
423
Calculate the highest common factor of 4651570 and 109601.
863
Calculate the greatest common factor of 3156 and 111278982.
1578
Calculate the greatest common divisor of 896 and 1829952.
64
Calculate the highest common divisor of 9975180 and 16608.
2076
What is the greatest common divisor of 48076227 and 189?
27
What is the greatest common factor of 55440 and 212240?
560
What is the greatest common factor of 115321951 and 58?
29
Calculate the highest common divisor of 24 and 3309246.
6
Calculate the highest common factor of 2807 and 246617.
7
What is the greatest common factor of 22646640 and 66040?
5080
What is the greatest common factor of 120963 and 1235250?
183
Calculate the greatest common factor of 1080729 and 146718.
351
What is the greatest common factor of 680 and 748210?
10
What is the highest common factor of 380 and 583967565?
95
Calculate the highest common divisor of 65311296 and 3720.
744
What is the highest common factor of 15975 and 248275?
25
Calculate the greatest common divisor of 8 and 6972556.
4
What is the highest common factor of 648 and 9714006?
162
Calculate the highest common factor of 28842143 and 33.
11
Calculate the greatest common factor o